-1 - h**2 + 0*h**2 - 12*h**3 - h - h**3. Let a be r(-1). Suppose 0 = 5*s - s - a. What is the units digit of s?
3
Suppose -2*n - n = 0. Suppose 3*b - 2*g - 22 = -n*g, -4*b + 4*g = -36. What is the units digit of b/14 + 61/7?
9
Let u = 14 + -7. Suppose 4*q + 2*h = -2*h + 16, 2*q + h = u. What is the units digit of (12 - (q - 1)) + -2?
8
Let y(n) = -9 - 3*n + n + 1 + 0*n. What is the units digit of y(-11)?
4
Suppose 2*m + x = 102, -5*m = 4*x + x - 265. What is the units digit of m?
9
Suppose -4 = -2*n + w + 3, -3*w = 2*n - 11. Suppose -n*x = -5*x - 1. What is the units digit of 10 + ((-2)/x)/2?
1
Let w(r) = -r**3 - 13*r**2 - 11*r + 2. Let f be w(-12). Let v(c) = -3*c + 3. Let j be v(-4). Let q = j + f. What is the units digit of q?
5
Let i = 33 - 21. What is the tens digit of i?
1
Suppose 2*y = 3*y - 2. Suppose 62 = y*v + 12. Let h = v + -8. What is the tens digit of h?
1
Let u = 19 + 13. Suppose -2*k + 46 = 2*j, 5*k = 2*j + j - 61. Let t = u - j. What is the tens digit of t?
1
Suppose -4*d + 4*a - 35 = 85, 3*d + a + 74 = 0. Let f = -9 - d. What is the units digit of f?
7
Let k = 1 - -3. Let i = k + -3. What is the units digit of i?
1
What is the hundreds digit of (1 - -108) + -10 + 7?
1
Let y(o) = o**2 + 2*o + 2. Let a(b) = 2*b + 5. Let l be a(-5). What is the tens digit of y(l)?
1
Let d(j) = j + 5. Let k be d(-5). Let y be 4 - k - 2*1. What is the units digit of (-426)/(-27) - y/(-9)?
6
Suppose -4*o - 47 = -183. What is the units digit of o?
4
Let h = -133 - -64. Let a = h + 109. What is the tens digit of a?
4
Suppose 3*u - 2*w = 2*u + 138, 0 = -5*u + 4*w + 702. What is the hundreds digit of u?
1
Let g = 108 - 26. What is the units digit of g?
2
Suppose -2*k - 2*k + 68 = 0. Suppose 0 = 5*h - z - 1, k = 2*h + 3*h + 3*z. What is the units digit of h?
1
Let q(p) = p**3 - 3*p**2 + 2*p + 2. Let g be q(2). Let k(s) = -s**3 + 9*s**2 + s - 6. Let l be k(9). Suppose -m = -g*m + l. What is the units digit of m?
3
Suppose 2*s = 5*m - 2*m - 47, 4*m - 3*s - 61 = 0. What is the tens digit of m?
1
Suppose 10*p - 29 = 9*p. What is the tens digit of p?
2
Let v = -48 - -86. Let j = v - 22. Let p = -6 + j. What is the tens digit of p?
1
Let q(l) = -3*l**2 - 2*l + 2. Let t be q(2). Let n be 3/(-4) - t/8. Suppose -2*r = -r - n. What is the units digit of r?
1
Let j = -18 - -22. Let h = 6 - 9. Let n = j + h. What is the units digit of n?
1
Let r be ((-2)/3)/((-8)/(-36)). Let z(w) = w**3 + 4*w**2 + w. Let o be z(r). Suppose 2*x = o*x - 36. What is the units digit of x?
9
Let a = -84 + 154. Suppose 3*v - t = -36, -5*v + 10 = -4*t + a. Let g = v + 30. What is the units digit of g?
8
Let m = 31 - 20. What is the tens digit of m?
1
What is the units digit of (69/(-6) - -3)*-4?
4
Suppose 10 = i + i + l, l + 18 = 5*i. Suppose 4*w - 38 = 5*q, 2*q + 20 + 24 = i*w. What is the tens digit of w?
1
Suppose 24 + 185 = 11*v. What is the tens digit of v?
1
Let z(i) = -i - 8. Let j be z(-10). What is the tens digit of j/((-16)/18)*-8?
1
Suppose 0 = 5*w + 4*a - 238, 3*a = 2*w + 8*a - 85. What is the units digit of w?
0
Let w be 9/(-6)*2/(-3). Let i = w + -4. Let d = i + 5. What is the units digit of d?
2
Let s(j) = j**3 - j**2 + j + 43. What is the units digit of s(0)?
3
Let y(b) = -b**2 + b + 1. Let d be y(0). What is the units digit of (-1 - -3 - d) + 0?
1
Let f(i) be the third derivative of -i**6/30 - i**4/24 + i**3/3 - 6*i**2. What is the tens digit of f(-2)?
3
Let c = 10 + -8. Suppose -c*w = -5*b - 12, -b + 9 = w - 5*b. What is the units digit of w?
1
Let j(r) = -r**2 - 9*r + 7. Let h be j(-5). Suppose 3*w - 72 - h = 0. What is the tens digit of w?
3
Let t(b) = b**3 - 5*b**2 - 5*b - 5. Let g be t(6). Let w = g + -4. Let o(d) = 2*d**2 + 4*d. What is the units digit of o(w)?
6
Let k(t) be the third derivative of t**5/60 - 5*t**4/12 + 2*t**3 + 4*t**2. What is the units digit of k(9)?
3
Let u(r) = r**2 + 9*r + 2. Let x(k) = k**2 + 8*k + 2. Let d(c) = -2*u(c) + 3*x(c). What is the units digit of d(-8)?
8
Let x(q) = q**3 - 5*q**2 - 7*q + 2. Let y be x(6). Let l = y - -12. Suppose l = 2*s - s. What is the units digit of s?
8
Suppose 10 = -d - 3*h, -3*d - 2*h - 2*h = 10. Let r(t) = -1 + 1 - t + 3*t**2. What is the tens digit of r(d)?
1
Let f = -70 + 136. What is the units digit of f?
6
Let s(c) = -c**3 + c**2 - c + 1. Let d(y) = -3*y**3 + 5*y**2 - y + 4. Let f(z) = d(z) - 2*s(z). Let a = 8 - 5. What is the units digit of f(a)?
5
Let l(u) = -u - 12. Let c be l(-9). What is the tens digit of 23*2/(5 + c)?
2
Suppose -x + 10 = h, -3*x = -2*x - 5. Suppose -h*b + 62 + 43 = 0. What is the units digit of b?
1
What is the units digit of 3/2*(-43)/(-6)*4?
3
Suppose 1406 = 4*l + g, 0 = 2*l + 2*g - 51 - 649. What is the units digit of l?
2
Suppose 0*v = -5*v - 5. Let f be (-2 - 0)/v*1. Suppose -16 = -4*h - f*d + d, 4*h = -5*d. What is the units digit of h?
5
Let i(w) = 4*w**2 - 7*w - 6. Let x(k) = -7*k**2 + 13*k + 11. Let f(q) = -5*i(q) - 3*x(q). What is the units digit of f(7)?
8
What is the units digit of 0 + (-830)/(4 - 9)?
6
Let d(z) = -2*z + 9. Let i be d(-6). Let g be (1 - 2) + 28/2. Let p = i - g. What is the units digit of p?
8
Suppose i - 16 = 3*i + 4*x, -x = 3*i + 4. Suppose b + 3 = i, -2 = n + 5*b + 15. What is the units digit of 6/n*(-16)/6?
8
Let i(p) = -p**3 - 3*p**2 - p. Let f be i(-2). Let g(s) be the second derivative of s**4/12 - s**3/2 - 3*s**2/2 - 4*s. What is the units digit of g(f)?
7
Let k(p) = 6*p - 2. Let v be k(4). Suppose 0 = u - v - 7. Let r = u + -10. What is the tens digit of r?
1
Let y(r) be the second derivative of r**3/3 - r**2/2 + r. Let o be y(6). What is the units digit of 633/33 + (-2)/o?
9
Suppose 0 = -4*n + 10 + 22. Suppose 0 = v - n + 2. What is the units digit of v?
6
What is the units digit of 90/15*(-11)/(-2)?
3
Let c(x) = x**2 + 5*x - 3. What is the units digit of c(-8)?
1
Let l(c) be the second derivative of c**3/6 + 13*c**2/2 + 28*c. Let j be (-1 - -1)/(2/(-1)). What is the tens digit of l(j)?
1
Suppose 3*v - 2 = 4. Suppose 5*z - 8 = v*d + 9, -2*d - 5*z = -33. Suppose -m - 14 = -4*y, 7 = 2*y + d*m - 9. What is the units digit of y?
4
Suppose -5*g = -10, 4*g + 499 = 3*w + 3*g. What is the units digit of w?
7
Suppose -j = -19 - 3. Let f = 24 - j. What is the units digit of f?
2
Let z be 1*(3 - 2) - 7. What is the units digit of (-18)/(-4) + (-3)/z?
5
Let y be 1 - (-1)/1*-1. Suppose -2*b - 2 = -2*l + 22, -2*l - 4*b + 42 = y. What is the units digit of l?
5
Let d = -12 + 45. What is the units digit of d?
3
Let a(k) = 13*k**3 + 2*k**2 - 1. Let b be a(1). Let d = -8 + b. What is the units digit of d?
6
Let t be 2*2/(8/(-14)). Let w = -4 - t. Suppose 5*d + 0*d = 2*u - 3, w*u - 30 = -d. What is the units digit of u?
9
Suppose 4*z = 2*b + 13 - 113, -5*z + 145 = 2*b. Let j = 84 - b. What is the units digit of j?
4
Let l be 5*((-378)/(-10) + -2). Suppose 5*a - l - 16 = 0. What is the tens digit of a?
3
Let y(b) = b**3 - 5*b**2 - 4*b - 8. Let i be y(6). Suppose -4*f = i - 76. Suppose 2*q + 4*o = f, o = -2*q - 2*o + 20. What is the tens digit of q?
1
Let d = 61 + -36. What is the units digit of d?
5
Let z(q) = -q**3 - 12*q**2 - 8*q - 13. What is the tens digit of z(-13)?
6
Suppose -z = -2*w + 11, 4*z + 5*w - 5 = 2*z. Let h(j) = 5*j + 2. Let d be h(-2). Let k = z - d. What is the units digit of k?
3
Let k(a) = a + 5. Let f be k(-5). Suppose f = 4*r - 8*r. Suppose 0 = -2*g - r*g + 40. What is the tens digit of g?
2
Suppose 5*b = 1 + 4. Suppose -3*i = i - 32. Suppose -q + i = -b. What is the units digit of q?
9
Suppose -6*k + 292 = -4*k. What is the units digit of k?
6
Suppose 3*i - 2 - 1 = 3*y, 3*y = -i + 1. Suppose -2*z = -19 - i. What is the units digit of z?
0
Suppose 2*l - 30 = -2. What is the units digit of (-10)/35 - (-102)/l?
7
Suppose 0 = k - 2*k + 5. Suppose 3*r - k*j = -4, r = -3*j - 3 + 25. What is the units digit of r?
7
Suppose 4*c = 5*z - 28, -3*z + 6*z + 3*c - 33 = 0. Suppose -j + 2*m + z = m, -m = j. Let y(s) = s**3 - 3*s**2 - 2*s + 4. What is the units digit of y(j)?
2
Suppose 10 = -3*k - 4*p + 48, 4*p + 4 = 0. What is the units digit of k?
4
What is the tens digit of ((-51)/34)/((-1)/24)?
3
Let w(r) = r + 7. Let t be w(-8). Let x be 2 + t - (8 - 60). Suppose 0 = -5*h + 22 + x. What is the tens digit of h?
1
Let s(h) be the first derivative of -